 50*d**2 + 100*d + 2525. Calculate g(-51).
26
Let x(r) = r**3 + r**2 + 847*r - 3412. What is x(4)?
56
Let o(j) = 1770*j - 21287. Give o(12).
-47
Let j(w) = -w**3 + 63*w**2 + 1457*w + 84. Calculate j(81).
3
Let f(i) = -16*i - 3908. What is f(-252)?
124
Let u(z) = 2*z**2 - 843*z - 363748. Determine u(-265).
97
Let z(y) = -1566*y - 6921. Calculate z(-4).
-657
Let c(q) = 2153*q + 83970. Give c(-39).
3
Let g(n) = -176*n + 1139. Determine g(5).
259
Let u(k) = -39*k**2 - 21*k + 6. Determine u(5).
-1074
Let u(c) = 64*c**2 - 1550*c + 353. What is u(24)?
17
Let n(t) = 52926*t - 15560239. Determine n(294).
5
Let z(p) = p**2 + 64*p + 104. Calculate z(-75).
929
Let u(p) = -2261*p + 560710. Determine u(248).
-18
Let f(j) = 98*j - 2374. Calculate f(32).
762
Let d(i) = i**3 + 38*i**2 - 104*i - 6254. Calculate d(-36).
82
Let w(g) = -g**3 - 129*g**2 + 12069*g - 5176. Determine w(-192).
8
Let s(m) = -54*m**2 + 59*m + 191. Calculate s(-3).
-472
Let a(z) = 106*z**2 - 469*z - 2483. What is a(-5)?
2512
Let w(u) = -32003*u - 63962. Calculate w(-2).
44
Let h(y) = -9*y**2 + 1099*y + 18063. Determine h(-16).
-1825
Let s(m) = -3*m**2 - 12191*m + 232708. What is s(19)?
-4
Let i(m) = -240*m + 9437. Determine i(41).
-403
Let t(a) = 50*a**2 - 710*a + 1225. Calculate t(13).
445
Let i(a) = 33250*a + 299242. Give i(-9).
-8
Let o(p) = -12983*p + 1454101. What is o(112)?
5
Let w(u) = -11*u**3 - 9*u**2 - 262*u - 252. Give w(-1).
12
Let k(h) = -22*h**2 + 4925*h - 220776. What is k(62)?
6
Let x(s) = 2*s**2 - 227*s + 5794. What is x(73)?
-119
Let l(w) = -2*w**3 + 252*w**2 - 128*w + 16100. What is l(126)?
-28
Let r(u) = -u**3 + 54*u**2 + 150*u - 33490. What is r(-22)?
-6
Let i(q) = q**3 + 10*q**2 + 71*q + 576. Determine i(-9).
18
Let f(w) = w**3 - 68*w**2 + 552*w - 42857. Give f(69).
-8
Let g(d) = -d**3 + 6*d**2 - 71*d - 455. Determine g(11).
-1841
Let g(z) = 2354*z - 1014580. Calculate g(431).
-6
Let x(c) = 3*c**2 + 177*c - 3672. Give x(-75).
-72
Let z(d) = 112478*d + 562388. Calculate z(-5).
-2
Let c(s) = -2*s**3 + 26*s**2 + 9*s - 316. Give c(13).
-199
Let v(s) = s**3 - 38*s**2 + 350*s - 987. Determine v(26).
1
Let k(y) = 3*y**2 - 128*y - 22. Determine k(8).
-854
Let y(a) = -a**3 + 5*a**2 + 354*a - 105. Give y(21).
273
Let i(s) = -s**3 + 52*s**2 + 22*s - 6103. Determine i(50).
-3
Let x(f) = f**3 + 346*f**2 + 13536*f - 2183. Give x(-301).
526
Let z(a) = 71394*a + 1285097. What is z(-18)?
5
Let a(n) = -10*n**2 + 6778*n - 46999. Give a(7).
-43
Let w(v) = -679*v**2 + 35309*v - 48. Calculate w(52).
4
Let p(l) = 6935*l - 5624292. Calculate p(811).
-7
Let q(z) = z**3 + 10*z**2 - 89*z - 529. Give q(-6).
149
Let h(c) = 9*c**2 + 70*c + 213. What is h(-3)?
84
Let g(x) = -2*x**3 + 115*x**2 - 1413*x - 190. Determine g(40).
-710
Let k(u) = -2*u**3 + 42*u**2 + 326*u - 2899. Determine k(25).
251
Let l(k) = 15*k**3 + 135*k**2 - 1251*k - 11258. What is l(-9)?
1
Let d(s) = -3647*s + 123988. Determine d(34).
-10
Let f(l) = 50773*l + 456996. Determine f(-9).
39
Let h(s) = -525*s - 27956. Calculate h(-63).
5119
Let k(t) = -2*t**2 - 169*t - 615. Calculate k(-81).
-48
Let l(a) = 3616*a - 1077598. Calculate l(298).
-30
Let x(y) = 7*y**2 + 4804*y + 203191. Determine x(-641).
-6
Let r(i) = 215*i**2 - 253*i - 510. Calculate r(-2).
856
Let a(y) = 3*y**3 + 49*y**2 - 462*y + 706. Calculate a(5).
-4
Let f(g) = -41*g - 11938. Give f(-284).
-294
Let l(f) = 74554*f - 74583. Give l(1).
-29
Let n(v) = v**3 + 19*v**2 - 350*v - 6665. Determine n(-18).
-41
Let c(y) = y**3 - 57*y**2 - 4413*y + 1359. Determine c(-44).
-5
Let l(z) = -104*z - 1108. Give l(-7).
-380
Let m(v) = v**3 + 12*v**2 + 105*v + 2632. Give m(-21).
-3542
Let m(b) = -b**2 - 3978*b - 629174. What is m(-165)?
-29
Let i(l) = -10*l**2 + 1377*l - 7498. What is i(132)?
26
Let s(x) = -1114*x - 7197. Calculate s(-10).
3943
Let o(k) = 9*k**2 - 61*k - 94. Calculate o(-8).
970
Let o(y) = 8*y**2 + 896*y - 10557. Give o(12).
1347
Let c(m) = -8*m**3 - 673*m**2 + 106*m + 15994. Determine c(-84).
34
Let w(j) = j**2 + 29*j + 196. Determine w(-30).
226
Let n(x) = 27*x**2 - 220*x - 30. Determine n(5).
-455
Let n(a) = -42105*a - 3452628. Calculate n(-82).
-18
Let r(i) = i**3 + 42*i**2 - 187*i - 6186. Give r(-43).
6
Let y(z) = -19198*z + 135175. What is y(7)?
789
Let s(j) = -j**3 - 180*j**2 + 2742*j + 267979. Calculate s(-187).
8
Let w(g) = 2*g**3 + 89*g**2 - 560*g + 5314. What is w(-51)?
61
Let o(p) = -2140*p**2 - 44939*p + 18. What is o(-21)?
-3
Let i(u) = -3*u**2 + 1989*u - 44166. What is i(23)?
-6
Let h(c) = -8968*c + 1120997. Calculate h(125).
-3
Let x(w) = 55*w**2 - 13518*w + 23917. Determine x(244).
5
Let v(y) = y**3 + 134*y**2 - 3*y - 459. What is v(-134)?
-57
Let y(c) = -2*c**3 + 829*c**2 + 1660*c - 9. Determine y(-2).
3
Let k(c) = 3*c**3 - c**2 + 10*c + 1823. What is k(0)?
1823
Let d(y) = 14081*y + 225306. Calculate d(-16).
10
Let p(z) = 10*z**2 + 25697*z - 102945. Calculate p(4).
3
Let u(k) = 4*k**3 - 21*k**2 + 503*k - 4667. Determine u(8).
61
Let n(g) = g**2 - 145665*g + 436991. Determine n(3).
5
Let r(l) = 4640*l - 241351. Calculate r(52).
-71
Let k(q) = -12826*q + 25649. What is k(2)?
-3
Let h(c) = -20*c + 1818. Calculate h(19).
1438
Let b(w) = 11*w**2 + 1295*w + 7387. Give b(-6).
13
Let w(l) = -100*l - 1519. What is w(-7)?
-819
Let v(a) = 6*a**2 - 202*a - 43. What is v(6)?
-1039
Let s(x) = 424*x + 8823. Give s(-21).
-81
Let j(c) = 3471*c - 41689. Determine j(12).
-37
Let o(x) = 1868*x - 1902. What is o(0)?
-1902
Let s(m) = 5488*m - 33018. Give s(6).
-90
Let a(b) = b**3 - 6*b**2 - 8*b + 221. Determine a(11).
738
Let u(a) = -3*a**2 + 23267*a - 3735100. Calculate u(164).
0
Let a(w) = 2*w**2 + 133*w - 5163. Determine a(-94).
7
Let g(x) = -497*x - 24211. What is g(-49)?
142
Let x(g) = -7891*g - 23688. Determine x(-3).
-15
Let n(b) = 1929*b - 2307. What is n(3)?
3480
Let g(n) = -2*n**2 + 1272*n + 74497. Give g(-54).
-23
Let i(o) = -16*o**3 + 124*o**2 + 22*o - 137. Calculate i(8).
-217
Let t(l) = -64*l**2 - 668*l + 89. Calculate t(-11).
-307
Let y(k) = -k**2 - 133*k + 4739. Calculate y(-163).
-151
Let g(h) = 51*h**2 - 787*h - 231. Determine g(16).
233
Let w(x) = -8674*x - 320940. What is w(-37)?
-2
Let o(v) = -927*v**2 + 4623*v + 58. What is o(5)?
-2
Let n(z) = -28*z**2 - 3310*z - 616. Calculate n(-118).
92
Let f(d) = 1339*d + 9170. Determine f(-7).
-203
Let n(m) = -2*m**3 + 13*m**2 + 1075*m - 9662. What is n(9)?
-392
Let t(m) = -4*m**3 - 6*m**2 - 271*m - 766. Determine t(-3).
101
Let o(t) = 4*t**3 - 121*t**2 - 820*t + 31. Calculate o(36).
319
Let z(h) = 5*h**2 + 41*h + 243. Calculate z(-6).
177
Let r(w) = -2*w**3 - 1350*w**2 + 43769*w - 2101. Calculate r(-706).
17
Let r(i) = -2879*i + 80260. Calculate r(28).
-352
Let y(g) = 3*g**2 + 12516*g + 187594. Give y(-15).
529
Let z(i) = -21387*i + 320808. Determine z(15).
3
Let j(q) = -q**3 - 10*q**2 - 588*q + 8176. What is j(11)?
-833
Let r(q) = 1102*q - 113574. Calculate r(103).
-68
Let i(r) = -4220*r - 1548759. Give i(-367).
-19
Let s(g) = -14024*g - 462809. Give s(-33).
-17
Let s(u) = 4*u**3 + u**2 + 35*u + 71. Give s(-2).
-27
Let t(w) = -69*w**2 - 2472*w + 224. Determine t(-35).
2219
Let o(m) = -73*m**2 - 410*m + 1635. Determine o(4).
-1173
Let k(o) = -872*o**2 + 7853*o - 12. Calculate k(9).
33
Let z(t) = 106*t**2 - 19713*t - 260. What is z(186)?
298
Let m(r) = -1134*r**2 - 47630*r - 93. What is m(-42)?
-9
Let n(h) = -h**3 + 70*h**2 - 256*h - 8152. Determine n(64).
40
Let b(i) = i**3 + 14*i**2 - 51*i - 651. Calculate b(-14).
63
Let q(j) = 3*j**3 + 31*j**2 + 159*j + 1550. Give q(-11).
-441
Let j(f) = -139842*f + 1398227. Calculate j(10).
-193
Let j(b) = 18*b**2 - 2384*b + 1063. Calculate j(132).
7
Let m(v) = -2238*v - 2244745. Calculate m(-1003).
-31
Let z(p) = 31*p**2 - 14*p + 114. Give z(4).
554
Let c(v) = v**3 - 49*v**2 + 124*v - 241. Give c(46).
-885
Let y(p) = 2*p**2 - 929*p - 241956. Determine y(-186).
30
Let h(r) = -4*r**2 + 45064*r - 225223. Determine h(5).
-3
Let r(p) = 3*p**3 + p**2 - 519*p - 7. Give r(13).
6
Let h(j) = -j**3 - j**2 - 41*j + 123. Calculate h(7).
-556
Let b(o) = 21*o**2 - 2911*o + 22059. Determine b(8).
115
Let y(l) = -3574*l - 9365. Determine y(-3).
1357
Let j(i) = 3*i**2 + 176*i - 47. Give j(-59).
12
Let n(s) = 7*s**3 - 1168*s**2 - 166*s - 199. Give n(167).
-32
Let u(r) = -57*r**3 - 5*r**2 